Determine r(1).
-77
Let u(t) = -2*t**2 - 241*t + 2718. Determine u(-131).
-33
Let j(g) = 2*g**3 - 7*g**2 - 37*g - 29. Calculate j(8).
251
Let b(q) = -3*q**3 + 23*q**2 - 61*q. Calculate b(4).
-68
Let v(r) = -100*r - 3691. What is v(-37)?
9
Let l(j) = 2*j**3 + 21*j**2 + 26*j + 22. Give l(-9).
31
Let b(a) = -3*a**2 + 29*a + 928. Calculate b(23).
8
Let f(n) = 1370*n + 34261. What is f(-25)?
11
Let s(y) = 237*y**2 - 11137*y - 90. Give s(47).
4
Let z(q) = 55*q - 329. What is z(5)?
-54
Let k(s) = -52*s - 196. Calculate k(-4).
12
Let s(a) = 74*a + 7136. Give s(-97).
-42
Let f(y) = y**3 + 11*y**2 - 1532*y - 12457. Give f(-8).
-9
Let j(l) = -2*l**2 - 17*l + 26. Calculate j(5).
-109
Let y(z) = -z**2 + 60*z - 362. Calculate y(53).
9
Let v(f) = -4*f**2 - 9*f - 4. What is v(-10)?
-314
Let x(p) = -8*p**2 + 49*p + 56. What is x(7)?
7
Let t(g) = -6*g**2 + 224*g + 1471. Give t(43).
9
Let c(y) = -987*y + 1992. Calculate c(2).
18
Let m(b) = 8*b**2 + 177*b + 848. Calculate m(-8).
-56
Let d(w) = w**3 + 45*w**2 - 40*w + 313. Calculate d(-46).
37
Let p(m) = -2*m**3 + 5*m**2 - 2*m - 161. Determine p(0).
-161
Let a(z) = -z**3 + 108*z**2 + 119*z - 952. Give a(109).
138
Let o(q) = 2*q**2 - 815*q - 4976. Give o(-6).
-14
Let p(i) = -2*i**2 - 41*i + 561. Calculate p(-30).
-9
Let v(l) = -3*l**2 - 8*l + 12. Determine v(-6).
-48
Let f(u) = -2*u**3 + 24*u**2 + 4*u + 29. Give f(12).
77
Let h(n) = -n**3 + 6*n**2 - 82*n + 162. Calculate h(2).
14
Let w(l) = 274*l - 16455. Determine w(60).
-15
Let q(w) = -264*w + 501. Give q(2).
-27
Let j(o) = 2*o**3 + 13*o**2 - 22*o - 34. Calculate j(-7).
71
Let u(k) = -k**3 + 8*k**2 - 8*k + 60. Calculate u(8).
-4
Let q(t) = -t**2 - 23*t - 114. Determine q(-15).
6
Let y(u) = -u**3 + 10*u**2 + 42*u - 472. Give y(9).
-13
Let d(a) = -12*a + 297. Determine d(27).
-27
Let w(d) = 3*d**3 - 31*d**2 - 9*d + 60. Give w(10).
-130
Let q(w) = 635*w + 3385. What is q(-5)?
210
Let q(o) = 2*o**2 + 45*o + 50. Determine q(-21).
-13
Let g(q) = -33*q + 376. What is g(11)?
13
Let a(w) = 2*w**3 + 58*w**2 + 329*w - 141. Calculate a(-21).
6
Let m(t) = -2*t**2 + 36*t + 3194. Give m(-32).
-6
Let x(y) = y**3 + 14*y**2 + 35*y + 31. Give x(-12).
-101
Let w(g) = 2*g**2 - 1487*g - 8995. What is w(-6)?
-1
Let r(l) = -16*l + 1073. Give r(67).
1
Let p(o) = -o**2 - 14*o + 23. Calculate p(-11).
56
Let y(p) = -54*p + 64. Determine y(4).
-152
Let l(r) = -417*r - 5430. Determine l(-13).
-9
Let j(h) = -h**2 + 4*h + 720. Calculate j(29).
-5
Let g(o) = 307*o - 854. What is g(3)?
67
Let v(j) = -3900*j - 42894. Determine v(-11).
6
Let g(t) = 422*t - 121973. What is g(289)?
-15
Let z(d) = -d**2 - 18*d + 47. Give z(-16).
79
Let a(l) = -l**2 + 24*l + 64. Give a(16).
192
Let s(d) = 2*d**3 - 3*d**2 - 14*d + 4. Determine s(5).
109
Let l(a) = a**3 - 8*a**2 + 16*a - 19. What is l(6)?
5
Let s(y) = 2*y**3 - 24*y**2 + 6*y - 11. What is s(13)?
405
Let v(q) = -79*q + 35. Determine v(0).
35
Let g(r) = 6*r + 35. Determine g(6).
71
Let f(h) = -5*h**3 + 156*h**2 - 29*h + 64. What is f(31)?
126
Let v(i) = -2*i**3 - 130*i**2 + i + 30. What is v(-65)?
-35
Let u(d) = -2*d**2 - 54*d - 354. Calculate u(-13).
10
Let s(z) = z**3 + 19*z**2 - 173*z - 1274. What is s(-24)?
-2
Let v(c) = -83*c - 1320. What is v(-17)?
91
Let j(c) = 31*c - 542. What is j(18)?
16
Let k(o) = -3*o**3 - o**2 + 2. Calculate k(1).
-2
Let r(f) = 321*f + 2250. What is r(-7)?
3
Let w(x) = x**3 - 17*x**2 + 9*x + 161. Determine w(16).
49
Let p(r) = -12*r**3 + r**2 + 16*r + 14. Determine p(-1).
11
Let q(k) = k**3 - 8*k**2 - 57*k - 91. Calculate q(13).
13
Let i(g) = -2*g**2 - 19*g + 3. Determine i(-10).
-7
Let t(g) = -250*g + 34505. Determine t(138).
5
Let x(z) = -z**2 + 14*z + 38. Determine x(8).
86
Let n(l) = -l**3 - 21*l**2 + 73*l + 650. Calculate n(-23).
29
Let l(q) = q**3 - 24*q**2 - 24*q - 21. Calculate l(25).
4
Let i(y) = -227*y - 342. Give i(-1).
-115
Let o(q) = q**3 + 4*q**2 - 21*q - 12. What is o(-8)?
-100
Let f(u) = -u**3 - 31*u**2 - 230*u + 63. Give f(-18).
-9
Let g(v) = -192*v**2 - 9*v + 1. Calculate g(1).
-200
Let q(h) = 173*h - 15142. Determine q(88).
82
Let a(j) = 1602*j - 1592. Calculate a(1).
10
Let t(x) = -5*x**2 - 28*x - 5. What is t(3)?
-134
Let y(f) = 1027*f + 15445. Determine y(-15).
40
Let n(g) = g**2 + 49*g + 347. Give n(-8).
19
Let g(v) = -4*v**2 - 4*v + 3. Determine g(-7).
-165
Let v(o) = 24*o**2 - 6*o + 10. Determine v(2).
94
Let x(f) = -6*f + 50. What is x(9)?
-4
Let f(s) = -8*s**3 - 143*s**2 + 25*s + 132. Calculate f(-18).
6
Let u(y) = 34*y - 72. Determine u(2).
-4
Let o(s) = -1544*s - 10783. Give o(-7).
25
Let n(v) = 8*v**3 + 59*v**2 - 101*v - 849. Give n(-7).
5
Let j(r) = 39*r**2 - 821*r + 56. What is j(21)?
14
Let q(y) = 12*y - 176. Determine q(18).
40
Let d(r) = -63*r**3 + r**2 + 50*r - 50. Calculate d(1).
-62
Let h(g) = g**2 + 14*g - 443. Calculate h(16).
37
Let a(m) = -16*m**2 - 2533*m - 781. Determine a(-158).
9
Let a(r) = -3*r**2 + 46*r + 281. Calculate a(20).
1
Let j(d) = -d**3 + 77*d**2 - 220*d - 162. Give j(74).
-14
Let z(v) = -v**3 - 86*v**2 - 392*v + 1043. What is z(-81)?
-10
Let u(o) = -2*o**3 - 35*o**2 - 95*o + 69. Determine u(-14).
27
Let z(i) = -i**2 + 211*i - 2391. What is z(12)?
-3
Let b(d) = d**2 + 46*d - 41. What is b(-47)?
6
Let g(k) = -k**3 + 18*k**2 + 15*k - 544. Give g(17).
0
Let q(b) = -55*b**2 - 995*b - 87. What is q(-18)?
3
Let t(s) = -4918*s + 8. Determine t(0).
8
Let m(w) = w**2 + 52*w + 553. Determine m(-37).
-2
Let o(l) = -4*l**2 + 57*l + 178. Calculate o(20).
-282
Let d(l) = -29*l - 216. Calculate d(6).
-390
Let x(k) = k**3 - 8*k**2 + 352*k - 2425. Determine x(7).
-10
Let y(c) = -11*c**3 + 3*c**2 + 7*c + 4. Calculate y(-1).
11
Let q(p) = -p**3 - 15*p**2 - 89*p - 485. What is q(-11)?
10
Let u(f) = -f**3 + 15*f**2 + 5*f + 10. Determine u(16).
-166
Let w(z) = 36*z**2 - 670*z + 3062. Give w(8).
6
Let s(f) = -56*f + 508. Determine s(9).
4
Let k(t) = t**3 - 19*t**2 - 37*t + 4. Determine k(-2).
-6
Let h(b) = b**3 - 4*b**2 - 21*b + 3. Calculate h(-4).
-41
Let f(k) = 30*k + 474. Give f(-20).
-126
Let t(s) = -s**2 - 364*s - 2556. Give t(-7).
-57
Let c(h) = 2*h - 51. Give c(-34).
-119
Let s(i) = 4129*i - 53679. Give s(13).
-2
Let p(s) = -s**2 - 370*s - 4299. Determine p(-12).
-3
Let d(z) = -z**2 - 54*z - 715. Give d(-23).
-2
Let x(j) = 5*j**2 - 795*j + 797. Calculate x(1).
7
Let t(n) = -2*n - 35. Give t(-25).
15
Let k(o) = -180*o + 8101. Give k(45).
1
Let g(z) = -12*z + 280. What is g(30)?
-80
Let p(l) = -l**2 + 11*l + 236. Give p(22).
-6
Let w(k) = -11*k**2 - 4*k - 11. Calculate w(-4).
-171
Let j(g) = 20*g + 969. Calculate j(-49).
-11
Let p(z) = z**3 + 52*z**2 - 328*z + 64. Give p(-58).
-1096
Let n(r) = r**3 + 14*r**2 - 50*r + 14. Calculate n(-15).
539
Let y(h) = -128*h - 913. What is y(-7)?
-17
Let z(l) = 156*l + 7482. Give z(-48).
-6
Let m(o) = 137*o - 649. Determine m(5).
36
Let j(h) = 30*h - 350. Determine j(17).
160
Let j(d) = -1422*d - 8533. Give j(-6).
-1
Let n(m) = 1237*m - 9902. What is n(8)?
-6
Let s(b) = b**2 + 42*b + 197. Determine s(-5).
12
Let b(j) = 344*j - 727. Give b(2).
-39
Let z(s) = -8*s**2 - 24*s + 91. What is z(5)?
-229
Let b(w) = w**2 + 28*w - 1152. Give b(-52).
96
Let w(c) = 5*c**3 - 31*c**2 - 31*c + 19. Calculate w(7).
-2
Let l(p) = 7*p**2 + 54*p + 93. Calculate l(-3).
-6
Let c(n) = 3*n**2 - 8*n + 2. Give c(7).
93
Let s(v) = 106*v + 5732. What is s(-54)?
8
Let g(x) = -x**3 - 5*x**2 + 24*x + 5. What is g(-8)?
5
Let x(h) = 22*h**3 + 135*h**2 + 18*h - 17. Give x(-6).
-17
Let z(d) = -347*d + 3827. Determine z(11).
10
Let j(x) = -13*x**2 + 194*x + 18. Determine j(15).
3
Let g(n) = -n**3 + 178*n**2 + 172*n + 1255. What is g(179)?
2
Let r(y) = -12*y**2 - 433*y + 412. Determine r(-37).
5
Let b(t) = -2*t**2 - 24*t + 564. Determine b(12).
-12
Let n(s) = -4*s**2 + 66*s - 210. Determine n(12).
6
Let h(f) = 3*f**2 - 10*f - 11. What is h(-2)?
21
Let o(r) = 3*r**2 - 21*r - 32. Give o(-7).
262
Let t(r) = 137*r + 817. What is t(-6)?
-5
Let x(o) = -33*o + 1944. Determine x(59).
-3
Let a(j) = -j**3 + 4*j**2 + 2*j - 5. What is a(5)?
-20
Let y(w) = -4*w**2 + 893*w - 893. Determine y(1).
-4
Let a(o) = -2*o**2 - 306*o - 6409. Calculate a(-128).
-9
Let r(s) = -83*s - 214. Determine r(-4).
118
Let h(s) = -4*s**3 - 62*s**2 - 282*s - 343. Give h(-8).
-7
Let w(j) = -j**3 + 56*j**2 + 270*j - 8938. 